{"id":122,"date":"2020-10-22T06:17:56","date_gmt":"2020-10-22T06:17:56","guid":{"rendered":"http:\/\/colorossi.at\/?page_id=122"},"modified":"2020-10-27T15:26:36","modified_gmt":"2020-10-27T14:26:36","slug":"mandalas","status":"publish","type":"page","link":"https:\/\/colorossi.at\/?page_id=122","title":{"rendered":"mandalas"},"content":{"rendered":"\t\t<div data-elementor-type=\"wp-page\" data-elementor-id=\"122\" class=\"elementor elementor-122\" data-elementor-settings=\"[]\">\n\t\t\t\t\t\t<div class=\"elementor-inner\">\n\t\t\t\t\t\t\t<div class=\"elementor-section-wrap\">\n\t\t\t\t\t\t\t<section class=\"elementor-section elementor-top-section elementor-element elementor-element-b9dc305 elementor-section-boxed elementor-section-height-default elementor-section-height-default\" data-id=\"b9dc305\" data-element_type=\"section\">\n\t\t\t\t\t\t<div class=\"elementor-container elementor-column-gap-default\">\n\t\t\t\t\t\t\t<div class=\"elementor-row\">\n\t\t\t\t\t<div class=\"elementor-column elementor-col-100 elementor-top-column elementor-element elementor-element-b15b379\" data-id=\"b15b379\" data-element_type=\"column\">\n\t\t\t<div class=\"elementor-column-wrap elementor-element-populated\">\n\t\t\t\t\t\t\t<div class=\"elementor-widget-wrap\">\n\t\t\t\t\t\t<div class=\"elementor-element elementor-element-7ebdaee elementor-widget elementor-widget-text-editor\" data-id=\"7ebdaee\" data-element_type=\"widget\" data-widget_type=\"text-editor.default\">\n\t\t\t\t<div class=\"elementor-widget-container\">\n\t\t\t\t\t<div class=\"elementor-text-editor elementor-clearfix\"><p>Diese sch\u00f6nen und bunten Mandalas sind nicht nur daf\u00fcr geeignet um sie anzuschauen. Das macht man am besten, wenn man eine Slide Show laufen l\u00e4sst und dazu seine Lieblings-Entspannungsmusik h\u00f6rt. Man k\u00f6nnte sie auch als Vorlage f\u00fcr Stehtische<a href=\"https:\/\/photos.app.goo.gl\/CmZyGZeixjSTGpqb7\"> (siehe Fotomontage)<\/a> oder als Vorlage f\u00fcr Sonnen- und Regenschirme nehmen. Oder f\u00fcr Stoffe \u00a0Geschenkpapier usw.<\/p><\/div>\n\t\t\t\t<\/div>\n\t\t\t\t<\/div>\n\t\t\t\t<div class=\"elementor-element elementor-element-f47f0a9 elementor-widget elementor-widget-button\" data-id=\"f47f0a9\" data-element_type=\"widget\" data-widget_type=\"button.default\">\n\t\t\t\t<div class=\"elementor-widget-container\">\n\t\t\t\t\t<div class=\"elementor-button-wrapper\">\n\t\t\t<a href=\"https:\/\/photos.app.goo.gl\/YFeo3BaRxcDzNfSG6\" class=\"elementor-button-link elementor-button elementor-size-sm\" role=\"button\">\n\t\t\t\t\t\t<span class=\"elementor-button-content-wrapper\">\n\t\t\t\t\t\t<span class=\"elementor-button-text\">Zur Mandalas<\/span>\n\t\t<\/span>\n\t\t\t\t\t<\/a>\n\t\t<\/div>\n\t\t\t\t<\/div>\n\t\t\t\t<\/div>\n\t\t\t\t\t\t<\/div>\n\t\t\t\t\t<\/div>\n\t\t<\/div>\n\t\t\t\t\t\t\t\t<\/div>\n\t\t\t\t\t<\/div>\n\t\t<\/section>\n\t\t\t\t\t\t<\/div>\n\t\t\t\t\t\t<\/div>\n\t\t\t\t\t<\/div>\n\t\t","protected":false},"excerpt":{"rendered":"<p>Diese sch\u00f6nen und bunten Mandalas sind nicht nur daf\u00fcr geeignet um sie anzuschauen. Das macht man am besten, wenn man eine Slide Show laufen l\u00e4sst und dazu seine Lieblings-Entspannungsmusik h\u00f6rt. Man k\u00f6nnte sie auch als Vorlage f\u00fcr Stehtische (siehe Fotomontage) oder als Vorlage f\u00fcr Sonnen- und Regenschirme nehmen. Oder f\u00fcr Stoffe \u00a0Geschenkpapier usw. Zur Mandalas<\/p>\n","protected":false},"author":1,"featured_media":0,"parent":0,"menu_order":0,"comment_status":"closed","ping_status":"closed","template":"","meta":[],"_links":{"self":[{"href":"https:\/\/colorossi.at\/index.php?rest_route=\/wp\/v2\/pages\/122"}],"collection":[{"href":"https:\/\/colorossi.at\/index.php?rest_route=\/wp\/v2\/pages"}],"about":[{"href":"https:\/\/colorossi.at\/index.php?rest_route=\/wp\/v2\/types\/page"}],"author":[{"embeddable":true,"href":"https:\/\/colorossi.at\/index.php?rest_route=\/wp\/v2\/users\/1"}],"replies":[{"embeddable":true,"href":"https:\/\/colorossi.at\/index.php?rest_route=%2Fwp%2Fv2%2Fcomments&post=122"}],"version-history":[{"count":10,"href":"https:\/\/colorossi.at\/index.php?rest_route=\/wp\/v2\/pages\/122\/revisions"}],"predecessor-version":[{"id":286,"href":"https:\/\/colorossi.at\/index.php?rest_route=\/wp\/v2\/pages\/122\/revisions\/286"}],"wp:attachment":[{"href":"https:\/\/colorossi.at\/index.php?rest_route=%2Fwp%2Fv2%2Fmedia&parent=122"}],"curies":[{"name":"wp","href":"https:\/\/api.w.org\/{rel}","templated":true}]}}