{"id":147,"date":"2020-10-22T13:10:03","date_gmt":"2020-10-22T13:10:03","guid":{"rendered":"http:\/\/colorossi.at\/?page_id=147"},"modified":"2020-11-01T12:15:31","modified_gmt":"2020-11-01T11:15:31","slug":"philosophie-dahinter","status":"publish","type":"page","link":"https:\/\/colorossi.at\/?page_id=147","title":{"rendered":"Philosophie dahinter"},"content":{"rendered":"\t\t<div data-elementor-type=\"wp-page\" data-elementor-id=\"147\" class=\"elementor elementor-147\" data-elementor-settings=\"[]\">\n\t\t\t\t\t\t<div class=\"elementor-inner\">\n\t\t\t\t\t\t\t<div class=\"elementor-section-wrap\">\n\t\t\t\t\t\t\t<section class=\"elementor-section elementor-top-section elementor-element elementor-element-60684b5 elementor-section-boxed elementor-section-height-default elementor-section-height-default\" data-id=\"60684b5\" data-element_type=\"section\">\n\t\t\t\t\t\t<div class=\"elementor-container elementor-column-gap-default\">\n\t\t\t\t\t\t\t<div class=\"elementor-row\">\n\t\t\t\t\t<div class=\"elementor-column elementor-col-100 elementor-top-column elementor-element elementor-element-62a5d75\" data-id=\"62a5d75\" data-element_type=\"column\">\n\t\t\t<div class=\"elementor-column-wrap elementor-element-populated\">\n\t\t\t\t\t\t\t<div class=\"elementor-widget-wrap\">\n\t\t\t\t\t\t<div class=\"elementor-element elementor-element-a44c634 elementor-widget elementor-widget-text-editor\" data-id=\"a44c634\" data-element_type=\"widget\" data-widget_type=\"text-editor.default\">\n\t\t\t\t<div class=\"elementor-widget-container\">\n\t\t\t\t\t<div class=\"elementor-text-editor elementor-clearfix\"><p>Eine Gabe wurde uns kostenlos gegeben. Wie w\u00e4re es, wenn wir diese kostenlos weiter geben w\u00fcrden? Wenn es jeder so tun w\u00fcrde, wie w\u00fcrde es auf der Erde aussehen? Wenn statt Konkurrenz, Kooperation herrschen w\u00fcrde.<\/p><p>Wovon sollte man dann \u00a0leben, stellt sich die Frage. Von freiwilligen Gaben vielleicht. Ich wage den Schritt. Ich bin k\u00fcnstlerisch begabt in vielerlei Hinsicht, hatte aber nie Erfolg im \u00fcblichen Sinne. Vielleicht weil ich immer dachte wie man daraus Geld machen kann, das kann ich aber nicht. Ich glaube schon, dass man aus meiner Kunst Geld machen kann, aber das sollen diejenigen machen, die das k\u00f6nnen, die daf\u00fcr geboren sind. Ich w\u00fcnsche ihnen viel Erfolg. Ich profitiere von meinem Spa\u00df an der Arbeit und von der Freude, jemandem vielleicht geholfen zu haben.<\/p><p>Ich kann es euch gar nicht beschreiben wie gut sich das angef\u00fchlt hat, als mir die Idee kam, meine ganze Arbeit der Menschheit kostenlos zu Verf\u00fcgung zu stellen. Nach dem Motto \u201eSei du selbst die Ver\u00e4nderung, die du dir w\u00fcnscht auf dieser Welt. Nat\u00fcrlich w\u00fcrde ich mich freuen, wenn jemand, der von meiner Arbeit in irgendeiner Hinsicht profitiert hat, sich mit z.B. einer Kaffeespende oder irgendwie anders bedanken w\u00fcrde. Wir brauchen alle Anerkennung, Motivation und ja, leider auch Geld. Viel Geld w\u00e4re f\u00fcr mich eher eine Last als Segen\u00a0 weil ich das Gef\u00fchl h\u00e4tte, ich muss damit verantwortlich umgehen. Das sage ich ehrlich.<\/p><\/div>\n\t\t\t\t<\/div>\n\t\t\t\t<\/div>\n\t\t\t\t\t\t<\/div>\n\t\t\t\t\t<\/div>\n\t\t<\/div>\n\t\t\t\t\t\t\t\t<\/div>\n\t\t\t\t\t<\/div>\n\t\t<\/section>\n\t\t\t\t\t\t<\/div>\n\t\t\t\t\t\t<\/div>\n\t\t\t\t\t<\/div>\n\t\t","protected":false},"excerpt":{"rendered":"<p>Eine Gabe wurde uns kostenlos gegeben. Wie w\u00e4re es, wenn wir diese kostenlos weiter geben w\u00fcrden? Wenn es jeder so tun w\u00fcrde, wie w\u00fcrde es auf der Erde aussehen? Wenn statt Konkurrenz, Kooperation herrschen w\u00fcrde. Wovon sollte man dann \u00a0leben, stellt sich die Frage. Von freiwilligen Gaben vielleicht. Ich wage den Schritt. Ich bin k\u00fcnstlerisch [&hellip;]<\/p>\n","protected":false},"author":1,"featured_media":0,"parent":0,"menu_order":0,"comment_status":"closed","ping_status":"closed","template":"","meta":[],"_links":{"self":[{"href":"https:\/\/colorossi.at\/index.php?rest_route=\/wp\/v2\/pages\/147"}],"collection":[{"href":"https:\/\/colorossi.at\/index.php?rest_route=\/wp\/v2\/pages"}],"about":[{"href":"https:\/\/colorossi.at\/index.php?rest_route=\/wp\/v2\/types\/page"}],"author":[{"embeddable":true,"href":"https:\/\/colorossi.at\/index.php?rest_route=\/wp\/v2\/users\/1"}],"replies":[{"embeddable":true,"href":"https:\/\/colorossi.at\/index.php?rest_route=%2Fwp%2Fv2%2Fcomments&post=147"}],"version-history":[{"count":7,"href":"https:\/\/colorossi.at\/index.php?rest_route=\/wp\/v2\/pages\/147\/revisions"}],"predecessor-version":[{"id":297,"href":"https:\/\/colorossi.at\/index.php?rest_route=\/wp\/v2\/pages\/147\/revisions\/297"}],"wp:attachment":[{"href":"https:\/\/colorossi.at\/index.php?rest_route=%2Fwp%2Fv2%2Fmedia&parent=147"}],"curies":[{"name":"wp","href":"https:\/\/api.w.org\/{rel}","templated":true}]}}