{"id":73,"date":"2020-10-21T06:55:20","date_gmt":"2020-10-21T06:55:20","guid":{"rendered":"http:\/\/colorossi.at\/?page_id=73"},"modified":"2022-08-24T03:39:17","modified_gmt":"2022-08-24T01:39:17","slug":"ueber-mich","status":"publish","type":"page","link":"https:\/\/colorossi.at\/?page_id=73","title":{"rendered":"\u00dcber mich"},"content":{"rendered":"\t\t<div data-elementor-type=\"wp-page\" data-elementor-id=\"73\" class=\"elementor elementor-73\" data-elementor-settings=\"[]\">\n\t\t\t\t\t\t<div class=\"elementor-inner\">\n\t\t\t\t\t\t\t<div class=\"elementor-section-wrap\">\n\t\t\t\t\t\t\t<section class=\"elementor-section elementor-top-section elementor-element elementor-element-adb1937 elementor-section-boxed elementor-section-height-default elementor-section-height-default\" data-id=\"adb1937\" data-element_type=\"section\">\n\t\t\t\t\t\t<div class=\"elementor-container elementor-column-gap-default\">\n\t\t\t\t\t\t\t<div class=\"elementor-row\">\n\t\t\t\t\t<div class=\"elementor-column elementor-col-50 elementor-top-column elementor-element elementor-element-3334522\" data-id=\"3334522\" data-element_type=\"column\">\n\t\t\t<div class=\"elementor-column-wrap elementor-element-populated\">\n\t\t\t\t\t\t\t<div class=\"elementor-widget-wrap\">\n\t\t\t\t\t\t<div class=\"elementor-element elementor-element-f376bdb elementor-widget elementor-widget-image\" data-id=\"f376bdb\" data-element_type=\"widget\" data-widget_type=\"image.default\">\n\t\t\t\t<div class=\"elementor-widget-container\">\n\t\t\t\t\t<div class=\"elementor-image\">\n\t\t\t\t\t\t\t\t\t\t<img width=\"2035\" height=\"2560\" src=\"https:\/\/colorossi.at\/wp-content\/uploads\/2021\/07\/osman-scaled.jpg\" class=\"attachment-full size-full\" alt=\"\" loading=\"lazy\" srcset=\"https:\/\/colorossi.at\/wp-content\/uploads\/2021\/07\/osman-scaled.jpg 2035w, https:\/\/colorossi.at\/wp-content\/uploads\/2021\/07\/osman-238x300.jpg 238w, https:\/\/colorossi.at\/wp-content\/uploads\/2021\/07\/osman-814x1024.jpg 814w, https:\/\/colorossi.at\/wp-content\/uploads\/2021\/07\/osman-768x966.jpg 768w, https:\/\/colorossi.at\/wp-content\/uploads\/2021\/07\/osman-1221x1536.jpg 1221w, https:\/\/colorossi.at\/wp-content\/uploads\/2021\/07\/osman-1628x2048.jpg 1628w, https:\/\/colorossi.at\/wp-content\/uploads\/2021\/07\/osman-10x12.jpg 10w\" sizes=\"(max-width: 2035px) 100vw, 2035px\" \/>\t\t\t\t\t\t\t\t\t\t\t<\/div>\n\t\t\t\t<\/div>\n\t\t\t\t<\/div>\n\t\t\t\t\t\t<\/div>\n\t\t\t\t\t<\/div>\n\t\t<\/div>\n\t\t\t\t<div class=\"elementor-column elementor-col-50 elementor-top-column elementor-element elementor-element-1829fd0\" data-id=\"1829fd0\" data-element_type=\"column\">\n\t\t\t<div class=\"elementor-column-wrap elementor-element-populated\">\n\t\t\t\t\t\t\t<div class=\"elementor-widget-wrap\">\n\t\t\t\t\t\t<div class=\"elementor-element elementor-element-d0627c9 elementor-widget elementor-widget-text-editor\" data-id=\"d0627c9\" data-element_type=\"widget\" data-widget_type=\"text-editor.default\">\n\t\t\t\t<div class=\"elementor-widget-container\">\n\t\t\t\t\t<div class=\"elementor-text-editor elementor-clearfix\"><p>Ich bin ich<\/p><p>Sei du selbst<\/p><\/div>\n\t\t\t\t<\/div>\n\t\t\t\t<\/div>\n\t\t\t\t\t\t<\/div>\n\t\t\t\t\t<\/div>\n\t\t<\/div>\n\t\t\t\t\t\t\t\t<\/div>\n\t\t\t\t\t<\/div>\n\t\t<\/section>\n\t\t\t\t<section class=\"elementor-section elementor-top-section elementor-element elementor-element-8d0592d elementor-section-boxed elementor-section-height-default elementor-section-height-default\" data-id=\"8d0592d\" data-element_type=\"section\">\n\t\t\t\t\t\t<div class=\"elementor-container elementor-column-gap-default\">\n\t\t\t\t\t\t\t<div class=\"elementor-row\">\n\t\t\t\t\t<div class=\"elementor-column elementor-col-100 elementor-top-column elementor-element elementor-element-c388319\" data-id=\"c388319\" data-element_type=\"column\">\n\t\t\t<div class=\"elementor-column-wrap elementor-element-populated\">\n\t\t\t\t\t\t\t<div class=\"elementor-widget-wrap\">\n\t\t\t\t\t\t<div class=\"elementor-element elementor-element-70c5fc7 elementor-widget elementor-widget-text-editor\" data-id=\"70c5fc7\" data-element_type=\"widget\" data-widget_type=\"text-editor.default\">\n\t\t\t\t<div class=\"elementor-widget-container\">\n\t\t\t\t\t<div class=\"elementor-text-editor elementor-clearfix\"><p><strong>K\u00fcnstlerisches<\/strong><\/p><p>Als erstes habe ich angefangen Designm\u00f6bel zu bauen und das ohne Werkstatt, in eigener Wohnung mit einer Stichs\u00e4ge und Bohrmaschine. Die Ergebnisse k\u00f6nnen sich trotzdem sehen lassen. <span style=\"color: #0000ff;\"><a style=\"color: #0000ff;\" href=\"https:\/\/photos.app.goo.gl\/dwp6g12LLzEf5vfV6\">(Hier)<\/a> <\/span>Zwischendurch schrieb ich Gedichte in kroatischer Mundart. Mache ich auch heute noch. Ein duzend Gedichte schrieb ich auch auf Deutsch.<\/p><p>Ich habe auch\u00a0 viele abstrakte Bilder gemacht (eigene Fototechnik) und hatte einige Ideen f\u00fcr tiefsinnige Ausstellungen, die ein totaler Flop waren da sie scheinbar niemand verstanden hat. Eine davon war z.B. \u201eDas Spiel mit dem Gewissen\u201c. Das war eine Ausstellung\/Initiative einer humanit\u00e4ren Auktion. Der Meistbietende bekam das Bild und er h\u00e4tte die gebotene Summe einem Bed\u00fcrftigen seiner Wahl geben sollen, ohne nachweisen zu m\u00fcssen, dass er das auch wirklich gemacht hat. Ich h\u00e4tte die Bilder einfach zur Verf\u00fcgung gestellt, nichts daf\u00fcr erhalten. Das ganze einfach auf Vertrauensbasis, dass der Bed\u00fcrftige das Geld erhalten w\u00fcrde. Ich hatte mit dem Geld nicht zu tun.<\/p><p>Oder eine andere Idee: Man spendet einer Hilfsorganisation seiner Wahl, so viel, wie einem das Bild wert ist. Wirft den Spendennachweis in eine Box, anonym, ohne dass jemand sieht, wieviel man gespendet hat und bekommt daf\u00fcr ein Bild seiner Wahl.<\/p><p>Ich m\u00f6chte auch erw\u00e4hnen, dass echte Geldscheine immer Bestandteil meiner Werke waren. Ich wollte ein Geld-K\u00fcnstler werden, der Geld aus dem Verkehr zieht und es so entwerten. Ich habe auch echte Geldscheine eingerahmt und als Kunstwerk zum halben Preis verkauft. Rahmen gab es gratis dazu.<span style=\"color: #0000ff;\"><a style=\"color: #0000ff;\" href=\"https:\/\/photos.app.goo.gl\/ABtCoqsZ7c4ai6xj6\"> (hier)<\/a><\/span><\/p><p>Ich habe aus einer Kiste auch echtes Geld zum halben Preis verkauft, zu Gunsten der Bed\u00fcrftigen was hei\u00dft, je mehr Geld ich verkaufe umso wenige bekommen die Bed\u00fcrftigen. Hat niemand verstanden oder nicht verstehen wollen. Die Polizei war nach 10 min da und hat mich mitgenommen. Der Polizist konnte nicht verstehen um was es geht.<\/p><p>Habe angefangen ein Drehbuch zu schreiben \u201eDer neue Papst\u201c aber in der Mitte aufgeh\u00f6rt, weil ich glaubte, w\u00e4hrend des Schreibens spirituell gewachsen zu sein. Es h\u00e4tte eine Kom\u00f6die sein sollen. Es ging um einen Papst, den nichts anderes interessiert als\u201c <strong>GELD<\/strong>\u201c, weil er Hungernot l\u00f6sen will.<\/p><p>So ungef\u00e4hr habe ich mir das Outfit vom neuen Papst vorgestellt. <span style=\"color: #0000ff;\"><a style=\"color: #0000ff;\" href=\"https:\/\/drive.google.com\/file\/d\/1otLwyJ56DU7bqjpPYlGMP9a9FFbklx7q\/view?usp=sharing\">(hier)<\/a><\/span><\/p><p>Aber man sollte sich nur \u00fcber sich selbst lustig machen und nicht \u00fcber andere.<\/p><p>Im Drehbuch schmei\u00dft zum Beispiel, der gesch\u00e4ftst\u00fcchtige Papst seine Haare nach dem Schneiden nicht weg, sondern l\u00e4sst jedes einzelne Haar versteigern, nat\u00fcrlich um Hungernot zu l\u00f6sen. Auch das Gras aus dem p\u00e4pstlichen Garten wird nicht kompostiert, sondern getrocknet und als Lesezeichen f\u00fcr die Bibel versteigert, nat\u00fcrlich um Hungernot zu l\u00f6sen. Usw. und so fort.<\/p><p>Ich sah in dieser Idee auch in Wirklichkeit ein gro\u00dfes Potenzial und wollte eine Auktionsplattform gr\u00fcnden, wo Stars etwas von ihren pers\u00f6nlichen Dingen f\u00fcr gute Zwecke spenden und Fans es ersteigern k\u00f6nnen und das Geld Hilfsorganisationen zu Gute kommt. Ich habe f\u00fcr dieses Projekt sogar einen Kredit \u00fcber 30.000 Euro aufgenommen, den ich heute noch von meiner Notstandshilfe zur\u00fcckzahlen muss. W\u00fcrde ich f\u00fcr meine 18m2 Wohnung (C-Kategorie) <a href=\"https:\/\/photos.app.goo.gl\/ADRTEE3QPeNQhbYP7\"><span style=\"color: #0000ff;\">(hier)<\/span><\/a> nicht nur so wenig Miete zahlen, w\u00e4re ich schon l\u00e4ngst obdachlos. Ich m\u00f6chte dazu sagen, dass ich meine Wohnung f\u00fcr keinen Palast tauschen w\u00fcrde!<\/p><p>Das Geld ist weg und die Plattform ist nicht da.<\/p><p>Eine weitere Idee hatte ich f\u00fcr eine internationale TV-Show \u201eSuperhirn\u201c, bei welcher in jedem Land 5-6 Leute am runden Tisch sitzen und diskutieren k\u00f6nnten \u00fcber Ideen f\u00fcr eine bessere Welt. Die Zuschauer voten, wer in die n\u00e4chste Sendung kommt, bis am Ende in jedem Land ein Sieger\/Superhirn im Finale \u00fcbrigbleibt. Diese Superhirne setzen sich wieder an einen Tisch und es gibt dann ein Internationales Superhirn und die Politiker k\u00f6nnten aus der Show vielleicht etwas lernen. Ich habe sogar in Kroatien eine Pilotsendung vorfinanziert.<\/p><p>\u00a0Das Geld ist weg und die Sendung ist nicht da. Diese Idee in die Tat umsetzen wird keiner schaffen, weil die Medien unter Kontrolle sind.<\/p><p>Ich hatte vor,\u00a0 eine Ausstellung &#8220;Verdrengte Wahrheit&#8221; zu machen, aber nicht in der Galerie, sondern vom Anfang bis zum Ende des Dorfes, ein Bild auf jedem Stra\u00dfenbeleuchtungsmast. Ich hatte die Bilder bereits vorbereitet und jeweils 5 \u20ac in jedes Bild hineingegeben. Ich wollte die Bilder h\u00e4ngen lassen bis das letzte Bild gestohlen wird. Aber man sagte \u00a0mir, ich sei verr\u00fcckt, jemand w\u00fcrde alle Bilder in der erste Nacht einsammeln.. Ich habe nicht damit gerechnet, aber ich habe ihnen vertraut und die Ausstellung aufgegeben. Den Inhalt der Ausstellung sehen Sie <a href=\"https:\/\/photos.app.goo.gl\/FEt9aB6KBgo9vGvG9\"><span style=\"color: #0000ff;\">(hier).<\/span><\/a><\/p><p>Ein weiteres Kunstprojekt (Mosaik verlegen) habe ich in meinem Haus in Kroatien verwirklicht. <span style=\"color: #0000ff;\"><a style=\"color: #0000ff;\" href=\"https:\/\/photos.app.goo.gl\/ph8i7ut2VQwdVBAN8\">(hier)<\/a><\/span><\/p><p>Habe eine Streichelmaschiene erfunden \ud83d\ude42\u00a0<span style=\"color: #0000ff;\"><a style=\"color: #0000ff;\" href=\"https:\/\/drive.google.com\/file\/d\/0ByWRC4DKgXydZHo0bFkzN0ZDQjg\/view?usp=sharing\"> (hier)<\/a><\/span><\/p><p>Mehr f\u00e4llt mir momentan nicht ein aber ich habe viel gemacht.<\/p><p>Ach ja, habe meine Familie vernachl\u00e4ssigt, was der Grund f\u00fcr die Scheidung war.<\/p><\/div>\n\t\t\t\t<\/div>\n\t\t\t\t<\/div>\n\t\t\t\t\t\t<\/div>\n\t\t\t\t\t<\/div>\n\t\t<\/div>\n\t\t\t\t\t\t\t\t<\/div>\n\t\t\t\t\t<\/div>\n\t\t<\/section>\n\t\t\t\t\t\t<\/div>\n\t\t\t\t\t\t<\/div>\n\t\t\t\t\t<\/div>\n\t\t","protected":false},"excerpt":{"rendered":"<p>Ich bin ich Sei du selbst K\u00fcnstlerisches Als erstes habe ich angefangen Designm\u00f6bel zu bauen und das ohne Werkstatt, in eigener Wohnung mit einer Stichs\u00e4ge und Bohrmaschine. Die Ergebnisse k\u00f6nnen sich trotzdem sehen lassen. (Hier) Zwischendurch schrieb ich Gedichte in kroatischer Mundart. Mache ich auch heute noch. Ein duzend Gedichte schrieb ich auch auf Deutsch. [&hellip;]<\/p>\n","protected":false},"author":1,"featured_media":0,"parent":0,"menu_order":0,"comment_status":"closed","ping_status":"closed","template":"","meta":[],"_links":{"self":[{"href":"https:\/\/colorossi.at\/index.php?rest_route=\/wp\/v2\/pages\/73"}],"collection":[{"href":"https:\/\/colorossi.at\/index.php?rest_route=\/wp\/v2\/pages"}],"about":[{"href":"https:\/\/colorossi.at\/index.php?rest_route=\/wp\/v2\/types\/page"}],"author":[{"embeddable":true,"href":"https:\/\/colorossi.at\/index.php?rest_route=\/wp\/v2\/users\/1"}],"replies":[{"embeddable":true,"href":"https:\/\/colorossi.at\/index.php?rest_route=%2Fwp%2Fv2%2Fcomments&post=73"}],"version-history":[{"count":21,"href":"https:\/\/colorossi.at\/index.php?rest_route=\/wp\/v2\/pages\/73\/revisions"}],"predecessor-version":[{"id":396,"href":"https:\/\/colorossi.at\/index.php?rest_route=\/wp\/v2\/pages\/73\/revisions\/396"}],"wp:attachment":[{"href":"https:\/\/colorossi.at\/index.php?rest_route=%2Fwp%2Fv2%2Fmedia&parent=73"}],"curies":[{"name":"wp","href":"https:\/\/api.w.org\/{rel}","templated":true}]}}